 Suppose 28*f = a*f + 294. What is the units digit of f*(36/8)/9?
1
Let m = 17853 + -13296. What is the thousands digit of m?
4
Let d = 784 + -1816. Let i = d - -2173. What is the units digit of i?
1
What is the hundreds digit of 40882/3*2880/640?
3
Suppose 2*k - 4*l = k + 10502, k - 2*l = 10492. What is the thousands digit of k?
0
Let j(a) be the first derivative of -a**4/4 - a**2/2 + 70*a - 1. Suppose -78*z = -30*z - 36*z. What is the units digit of j(z)?
0
Suppose -2389 = -p + 5482. What is the thousands digit of p?
7
Suppose t - o - o + 5 = 0, 0 = 2*t + 5*o - 26. Suppose -3*i - 21 - t = 0. What is the units digit of (-6)/i + (-148)/(-16)?
0
Let v = 49 - 105. Let q = 63 + v. Suppose -q*i + 0*i = -819. What is the tens digit of i?
1
Let d = -74 - -106. Suppose 2 - d = 5*v. What is the tens digit of 155 - (v - -3)/(-3)?
5
Let y = 5 + 61. Let j be (-9)/(-6) - y/(-12). What is the units digit of (50/(-4))/(j/(-84))?
0
Let n be (22 + -24)/((-2)/71). Suppose n = 4*o - 3*q, -21 = 5*o - 4*q - 110. What is the tens digit of o?
1
Let m be (1 + 0)/((-854)/(-287) - 3). Let d = -145 - m. Let o = -81 - d. What is the units digit of o?
3
Let k be (20/(-5) - -15)/1. Let m(o) = o**3 - 12*o**2 + 13*o - 16. Let g be m(k). Suppose g*z - 315 = 87. What is the units digit of z?
7
What is the units digit of (-1)/(-1) + 6463 - 1 - (336 - 337)?
4
Let i = 4552 + 3227. What is the thousands digit of i?
7
Let h(f) = 2*f**2 + 11*f - 2. Let y(u) = -u**2 + u - 4. Let a be y(2). Let p be h(a). Suppose -p + 1 = -s + 4*x, -5*s + x = -15. What is the units digit of s?
3
Let o(j) = -j**3 - 35*j**2 - 66*j - 7. Let a be o(-32). Let y = 13 - a. What is the tens digit of y?
8
What is the ten thousands digit of (-2)/(-4)*(27041 + (2 - -2) + 1)?
1
Let m(x) = 3*x - 30. Let z be m(11). Suppose -4*d + 4 = -z*w + d, 0 = w + 2*d - 6. Suppose w*v = 5*v - 150. What is the units digit of v?
0
What is the hundreds digit of 15630/2 + 20 + 1?
8
Suppose 12*y = 48*y + 2846 + 1042. Suppose 4*q + 5 = 2*j - 33, -3*j = 4*q + 43. What is the units digit of y/(-30)*q/(-6)?
6
Let m = 12617 - -19972. What is the tens digit of m?
8
Suppose 3772 = -h + 3*j, 11*j + 15008 = -4*h + 7*j. What is the hundreds digit of (-3152565)/h - (1 + 30/(-34))?
8
Suppose -4*q - 22143 = -3*i, 11*q - 1976 = -2*i + 12786. What is the hundreds digit of i?
3
Let g = 79 - 74. Suppose -3*l = -2*b + g*b - 12, -3*b = -l - 4. What is the tens digit of ((-668)/6)/(l/(-3))?
6
Suppose 3*a = -4*m + 617, -2*m = -4*a + m + 781. Suppose 5*p + 19 = a. Suppose -3*d = -471 + p. What is the tens digit of d?
4
Let a = 1404 - -50355. What is the units digit of a?
9
Suppose 13*z - 34635 = -3448. Suppose -z = -3*q + 5*j + 1933, -5*j = -2*q + 2883. What is the tens digit of q?
4
Let q = -79 - -94. Suppose q*k = -109 - 821. What is the tens digit of -9 + 8 - ((-2 - -1) + k)?
6
Suppose -8752 = -17*t + 10577. Suppose 0 = 4*g - 3*o - 1623 - 616, 2*g - 5*o = t. What is the units digit of g?
6
Let n(l) = 148*l**2 - 34*l + 64. What is the hundreds digit of n(2)?
5
Suppose -y + 4 = 0, -5*y - 10789 = -x + 1818. What is the tens digit of x?
2
Let l(x) = -2*x**2 + 3*x - 3. Let f be l(1). Let h(s) = -28*s**3 + 3*s**2 - 5*s - 14. What is the units digit of h(f)?
2
Suppose -15 = -2*s - 15. Suppose -8*i + 10*i - 490 = s. What is the tens digit of i?
4
Suppose -2*d - 5*d + 35 = 0. Suppose l - 10 = -l - 4*o, -5*l = d*o - 20. Suppose v - 69 = l*w, 3*v = -2*w + w + 227. What is the units digit of v?
5
Let q(m) be the second derivative of m**5/20 - 5*m**4/3 - 19*m**3/6 + 2*m**2 + 12*m - 1. What is the thousands digit of q(23)?
1
Suppose 21*b - 4*b = -103*b + 760440. What is the tens digit of b?
3
Suppose 211 - 169 = -6*s. What is the tens digit of 2 + 0 + s + (-32 - -819)?
8
Suppose 5864 = -7*d - 4986. Let y = -410 - d. What is the thousands digit of y?
1
Suppose c - 2*w - 5373 = 0, 5*w + 24153 = 5*c - 2692. What is the hundreds digit of c?
3
Let a(k) = -4*k**2 + 35*k + 7. Suppose 3*x = -3*i + 5*i + 15, -2*i = -6. What is the units digit of a(x)?
6
Suppose -176772 - 58643 = -17*n + 16678. What is the units digit of n?
9
Let o(c) = c**3 - 17*c**2 - 55*c + 323. What is the hundreds digit of o(22)?
5
Let z(k) = -228*k**3 + 10*k**2 - 16*k - 68. What is the thousands digit of z(-7)?
8
Let h = 326 - 287. Let s(o) = -o**3 + 42*o**2 - 83*o - 29. What is the tens digit of s(h)?
9
Suppose 5*m - 4*p - 7084 = 0, -2159 = -4*m - 4*p + 3537. Suppose 306*q = 311*q - m. What is the tens digit of q?
8
What is the units digit of (2 - 0) + (66 - 74 - (0 + -29956))?
0
Let j(z) = -35*z - 15. Let o(k) = -174*k - 74. Let f(s) = -22*j(s) + 4*o(s). What is the tens digit of f(16)?
1
Suppose -75*c - 162602 = -2071352. What is the thousands digit of c?
5
Let h be 10/3 + (-3 + -1)/12. Suppose 0*c = 4*c, c - 15 = -h*s. Suppose -s*k = -2*k - 69. What is the units digit of k?
3
Let r(q) = 1073*q**3 - 3*q**2 - q + 12. What is the thousands digit of r(2)?
8
Let h = -38 - -29. Let y(u) = 4*u**2 + 20*u - 11. What is the hundreds digit of y(h)?
1
Let c(t) = 426*t**2 - 32*t - 230. What is the ten thousands digit of c(-5)?
1
Let d = -40 - -50. Suppose -2*s + 4*s = 4*x + d, -4*s = -2*x - 20. Suppose x = 15*w - 2*w - 611. What is the tens digit of w?
4
What is the tens digit of 2/4 - (-19 + 11549/(-2))?
9
Let y(s) = 4*s**3 - 4*s**2 - 5*s + 10. Let b be (-837)/(-36) - 3/(-4). Suppose -h - 2*q = 3*q - b, 5*q - 32 = -3*h. What is the hundreds digit of y(h)?
1
Let x = 4510 + -4398. Suppose 2*g - 5 = 3. What is the tens digit of (11 - g) + -4 + x?
1
What is the hundreds digit of (15*31)/((-208)/(-4784))?
6
Let g(d) = -d**3 + 14*d**2 - 14*d + 13. Suppose -8*s + 29 = -75. Let z be g(s). Suppose 3*m - 5 - 220 = z. What is the tens digit of m?
7
Let o(r) = r**3 - 15*r**2 - 34*r - 10. Let g be o(17). What is the tens digit of 800 - (2 - 30/g)?
9
Let p = -54 - -13. Suppose -21 = -3*k - 9. Let f = k - p. What is the tens digit of f?
4
Let z = -773 + 778. Suppose -27*m - u = -23*m - 5187, -4*m = z*u - 5183. What is the hundreds digit of m?
2
What is the hundreds digit of ((-1829)/217 - -9)/((-1)/(-85379))?
7
Let r = 47 - 40. Suppose -8 + 659 = r*w. Suppose -3*k = -w - 153. What is the tens digit of k?
8
Suppose -35*a = -31*a. Suppose 4*k - 2*c + 13 = 701, a = -k + 3*c + 172. Let r = 340 - k. What is the hundreds digit of r?
1
What is the tens digit of 5818 - (6/(-24) - 60/16)?
2
Suppose -8*z + 2*z + 18 = 0. Let p be (z - 1/((-4)/(-8))) + 187. Suppose a = r + 30, p = 3*a + 2*r + 78. What is the units digit of a?
4
Suppose 0 = 2*d + 18 - 50. Let t(a) = -a**3 + 18*a**2 - 19*a - 12. What is the tens digit of t(d)?
9
Let b = 664 - 75. What is the hundreds digit of b?
5
Suppose -3*r - 6 = -5*r. Suppose r*k - 6*k = -9. Suppose k*s - 10*s + 826 = 0. What is the hundreds digit of s?
1
Suppose 22*f + 14*f - 41665 = -29*f. What is the units digit of f?
1
Let m = 6017 - 2514. What is the units digit of m?
3
Suppose 3*t - 544 = -2*n, 0*t + 1402 = 5*n - 3*t. Suppose -4*l - 855 = -5*u + 2*u, -u - l + n = 0. What is the tens digit of u?
8
Let g(q) = 8*q**2 - q + 1. Let h be -3*(2 + -3 + (5 - 3)). Let o be -1 - (h/7 + 175/(-49)). What is the tens digit of g(o)?
7
Let h(a) = a**3 + a**2 - 10*a - 1. Let x be h(3). Suppose p = -x*p + 3336. What is the hundreds digit of p?
5
Suppose 0 = 2*o + 2*t - 34, 84*o + t + 23 = 85*o. Suppose 0 = o*i - 8333 - 6807. What is the hundreds digit of i?
7
Suppose -x + 4*z = -582, 0*x - 5*z - 581 = -x. Let i = x + -21. What is the hundreds digit of i?
5
Let g be 1*(-1)/(-1)*-194. Suppose -2*s + 0*s + 4*r + 602 = 0, 1201 = 4*s - 5*r. Let q = g + s. What is the tens digit of q?
0
Let c be (0/5)/(6/(-3)). Suppose c = -17*z + 5*z. Suppose -2*t - 2*j + 256 = 0, -2*t + z*j + 252 = 3*j. What is the units digit of t?
2
Suppose 683 - 98 = -18*t + 27. Let q(n) = 4*n**3 + n**2 - n + 2. Let f be q(2). Let d = f + t. What is the units digit of d?
5
Let j(i) = -i**2 - i + 197. Let v be j(0). Let k = v - 611. Let b = k + 663. What is the tens digit of b?
4
Suppose -3226 = 3*v - 86194. What is the units digit of v?
6
Let v = -4968 + 16681. What is the tens digit of v?
1
Suppose 0 = -q, 6*d + 40156 = 10*d - q. What is the units digit of d?
9
Let r(h) = 33*h - 350. Let x(f) = -10*f + 117. Let w(t) = 2*r(t) + 7*x(t). What